{"id":24,"date":"2021-03-04T20:46:14","date_gmt":"2021-03-04T23:46:14","guid":{"rendered":"https:\/\/arteuna.com\/INICIO\/?page_id=24"},"modified":"2024-01-11T17:49:07","modified_gmt":"2024-01-11T20:49:07","slug":"publicaciones","status":"publish","type":"page","link":"https:\/\/arteuna.com\/INICIO\/publicaciones\/","title":{"rendered":"Publicaciones"},"content":{"rendered":"[vc_row][vc_column width=&#8221;2\/3&#8243;]<h1 class=\"vcex-module vcex-heading wpex-text-2xl wpex-font-normal wpex-m-auto wpex-max-w-100 vcex-heading-plain wpex-block\" style=\"color:#000000;font-family:&#039;Open Sans&#039;,sans-serif;\"><a href=\"https:\/\/arteuna.com\/INICIO\/tesis\/\" target=\"_blank\" rel=\"noopener noreferrer\" class=\"wpex-no-underline wpex-inherit-color\"\"><span class=\"vcex-heading-inner wpex-inline-block wpex-clr\">Publicaciones \/\/<\/span><\/a><\/h1>[vc_empty_space height=&#8221;30px&#8221;][vc_row_inner content_placement=&#8221;top&#8221;][vc_column_inner width=&#8221;1\/4&#8243;][vc_single_image image=&#8221;449&#8243;][\/vc_column_inner][vc_column_inner width=&#8221;3\/4&#8243;][vc_column_text]\n<h3>Cat\u00e1logo Sal\u00f3n Nacional &#8211; 109\u00ba 2020\/2021<\/h3>\n<p>Sal\u00f3n Nacional de Artes Visuales y Premio a la Trayectoria Art\u00edstica[\/vc_column_text][vc_column_text]\n<h3><a href=\"https:\/\/arteuna.com\/ediciones2023\/CatalogoSalonNacional.pdf\" target=\"_blank\" rel=\"noopener\"><strong>PDF &gt;&gt;<\/strong><\/a><\/h3>\n[\/vc_column_text][\/vc_column_inner][\/vc_row_inner][vc_row_inner content_placement=&#8221;top&#8221;][vc_column_inner width=&#8221;1\/4&#8243;][vc_single_image image=&#8221;442&#8243;][\/vc_column_inner][vc_column_inner width=&#8221;3\/4&#8243;][vc_column_text]\n<h3>Siglo XXI \u2013 Estado del arte y los artistas locales<br \/>\nen la era de la tecnolog\u00eda global<\/h3>\n[\/vc_column_text][vc_column_text]R- 34 \/0646 PIACyT. C\u00e1tedra C\u00e1ceres UNA 2021-2023.<\/p>\n<h3><a href=\"https:\/\/arteuna.com\/Arte_y_tecnologia_global\/Siglo-XXI-Estado-del-arte-y-los-artistas-locales-en-la-era-de-la-tecnologia-global-2023.pdf\" target=\"_blank\" rel=\"noopener\"><strong>PDF &gt;&gt;<\/strong><\/a><\/h3>\n[\/vc_column_text][\/vc_column_inner][\/vc_row_inner][vc_row_inner content_placement=&#8221;top&#8221;][vc_column_inner width=&#8221;1\/4&#8243;][vc_single_image image=&#8221;383&#8243;][\/vc_column_inner][vc_column_inner width=&#8221;3\/4&#8243;][vc_column_text]\n<h3>Cat\u00e1logo de muestra &#8220;\u00c1rbol de Agua&#8221; en W &#8211; Galer\u00eda 2023<\/h3>\n[\/vc_column_text][vc_column_text]Serie Temuco. A\u00f1os 80.<br \/>\nTexto: Sebasti\u00e1n Vidal Mackinson<\/p>\n<h3><a href=\"http:\/\/arteuna.com\/ediciones2023\/catalogo-W.pdf\" target=\"_blank\" rel=\"noopener\"><strong>PDF &gt;&gt;<\/strong><\/a><\/h3>\n[\/vc_column_text][\/vc_column_inner][\/vc_row_inner][vc_row_inner content_placement=&#8221;top&#8221;][vc_column_inner width=&#8221;1\/4&#8243;][vc_single_image image=&#8221;315&#8243;][\/vc_column_inner][vc_column_inner width=&#8221;3\/4&#8243;][vc_column_text]\n<h3>Muestra Anual C\u00e1tedra C\u00e1ceres &#8211; UNA 2021<\/h3>\n[\/vc_column_text][vc_column_text]Selecci\u00f3n de Trabajos de toda la c\u00e1tedra: OTAV 1,2,3; Proyectual 1,2,3 y Tesistas en QR. Sedes Xul Solar y Prilidiano Pueyrred\u00f3n.<br \/>\nC\u00e1tedra Anah\u00ed C\u00e1ceres, Imagen digital. UNA. Departamento de Artes Visuales.<\/p>\n<h3><a href=\"http:\/\/arteuna.com\/ediciones2023\/UNA-libro_muestra_catedra-2021-1.pdf\" target=\"_blank\" rel=\"noopener\"><strong>PDF &gt;&gt;<\/strong><\/a><\/h3>\n[\/vc_column_text][\/vc_column_inner][\/vc_row_inner][vc_row_inner content_placement=&#8221;top&#8221;][vc_column_inner width=&#8221;1\/4&#8243;][vc_single_image image=&#8221;314&#8243;][\/vc_column_inner][vc_column_inner width=&#8221;3\/4&#8243;][vc_column_text]\n<h3>C\u00e1tedra C\u00e1ceres &#8211; Fase. Pensar la Praxis<\/h3>\n[\/vc_column_text][vc_column_text]Muestra anual de la C\u00e1tedra C\u00e1ceres en el marco de Fase, Arte ciencia y Tecnolog\u00eda. Centro Cultural Recoleta 29 de noviembre hasta el 18 de diciembre de 2016.<\/p>\n<h3><a href=\"http:\/\/arteuna.com\/ediciones2023\/catedra-caceres-Fase.pdf\" target=\"_blank\" rel=\"noopener\"><strong>PDF &gt;&gt;<\/strong><\/a><\/h3>\n[\/vc_column_text][\/vc_column_inner][\/vc_row_inner][vc_row_inner content_placement=&#8221;top&#8221;][vc_column_inner width=&#8221;1\/4&#8243;][vc_single_image image=&#8221;320&#8243;][\/vc_column_inner][vc_column_inner width=&#8221;3\/4&#8243;][vc_column_text]\n<h3 class=\"ProductHeading__product-heading__wGhnq__0-0-2073 ProductHeading__product-heading--xs__8Y-ve__0-0-2073\" data-testid=\"document-title\">Casa de Las Culturas. Del Carmen &#8211; Tigre<\/h3>\n[\/vc_column_text][vc_column_text]Cat\u00e1logo muestra individual 2016.<\/p>\n<h3><a href=\"http:\/\/arteuna.com\/ediciones2023\/tigre.pdf\" target=\"_blank\" rel=\"noopener\"><strong>PDF &gt;&gt;<\/strong><\/a><\/h3>\n[\/vc_column_text][\/vc_column_inner][\/vc_row_inner][vc_row_inner content_placement=&#8221;top&#8221;][vc_column_inner width=&#8221;1\/4&#8243;][vc_single_image image=&#8221;321&#8243;][\/vc_column_inner][vc_column_inner width=&#8221;3\/4&#8243;][vc_column_text]\n<h3 class=\"ProductHeading__product-heading__wGhnq__0-0-2073 ProductHeading__product-heading--xs__8Y-ve__0-0-2073\" data-testid=\"document-title\">Workshop Casa de la Cultura Popular Villa 21-24<\/h3>\n[\/vc_column_text][vc_column_text]https:\/\/catedracaceresuna.wordpress.com\/muestra-anual-2015\/<br \/>\nPROYECTUALES https:\/\/catedracaceres.wordpress.com\/proyectual-2015\/<br \/>\nTESISTAS https:\/\/catedracaceres.wordpress.com\/tesis\/ OTAV https:\/\/catedracaceres.wordpress.com\/programas-otav\/<\/p>\n<h3><a href=\"http:\/\/arteuna.com\/ediciones2023\/catalogo-mediatika-2015-2.pdf\" target=\"_blank\" rel=\"noopener\"><strong>PDF &gt;&gt;<\/strong><\/a><\/h3>\n[\/vc_column_text][\/vc_column_inner][\/vc_row_inner][vc_row_inner content_placement=&#8221;top&#8221;][vc_column_inner width=&#8221;1\/4&#8243;][vc_single_image image=&#8221;323&#8243;][\/vc_column_inner][vc_column_inner width=&#8221;3\/4&#8243;][vc_column_text]\n<h3 class=\"ProductHeading__product-heading__wGhnq__0-0-2073 ProductHeading__product-heading--xs__8Y-ve__0-0-2073\" data-testid=\"document-title\">1984- ADEV- Museo Caraffa<\/h3>\n[\/vc_column_text][vc_column_text]ADEV- Agrupacion para el Desarrollo de Experiencias Visuales. Evento Especial para el 1\u00ba Festival Latinoamericano de Teatro. Instalacioners en el Museo Provincial de Bellas Artes Emilio Caraffa, C\u00f3rdoba<\/p>\n<h3><a href=\"http:\/\/arteuna.com\/ediciones2023\/adev-caraffa.pdf\" target=\"_blank\" rel=\"noopener\"><strong>PDF &gt;&gt;<\/strong><\/a><\/h3>\n[\/vc_column_text][\/vc_column_inner][\/vc_row_inner][vc_row_inner content_placement=&#8221;top&#8221;][vc_column_inner width=&#8221;1\/4&#8243;][vc_single_image image=&#8221;327&#8243;][\/vc_column_inner][vc_column_inner width=&#8221;3\/4&#8243;][vc_column_text]\n<h3>Vac\u00edo de ti<\/h3>\n[\/vc_column_text][vc_column_text]\n<p class=\"ProductHeading__product-heading__wGhnq__0-0-2073 ProductHeading__product-heading--xs__8Y-ve__0-0-2073\" data-testid=\"document-title\">Libro de artista &#8211; Anah\u00ed C\u00e1ceres 2012<\/p>\n<h3><a href=\"http:\/\/arteuna.com\/ediciones2023\/Vacio-de-Ti.pdf\" target=\"_blank\" rel=\"noopener\"><strong>PDF &gt;&gt;<\/strong><\/a><\/h3>\n[\/vc_column_text][\/vc_column_inner][\/vc_row_inner][vc_row_inner content_placement=&#8221;top&#8221;][vc_column_inner width=&#8221;1\/4&#8243;][vc_single_image image=&#8221;329&#8243;][\/vc_column_inner][vc_column_inner width=&#8221;3\/4&#8243;][vc_column_text]\n<h3 class=\"ProductHeading__product-heading__wGhnq__0-0-2073 ProductHeading__product-heading--xs__8Y-ve__0-0-2073\" data-testid=\"document-title\">C\u00e1tedra Anah\u00ed C\u00e1ceres IUNA 10 a\u00f1os<\/h3>\n[\/vc_column_text][vc_column_text]\n<p class=\"ProductHeading__product-heading__wGhnq__0-0-2073 ProductHeading__product-heading--xs__8Y-ve__0-0-2073\" data-testid=\"document-title\">Publicaci\u00f3n 2010 de la C\u00e1tedra Imagen Digital IUNA Artes Visuales.<\/p>\n<h3><a href=\"http:\/\/arteuna.com\/ediciones2023\/catedra-10anios.pdf\" target=\"_blank\" rel=\"noopener\"><strong>PDF &gt;&gt;<\/strong><\/a><\/h3>\n[\/vc_column_text][\/vc_column_inner][\/vc_row_inner][vc_row_inner content_placement=&#8221;top&#8221;][vc_column_inner width=&#8221;1\/4&#8243;][vc_single_image image=&#8221;331&#8243;][\/vc_column_inner][vc_column_inner width=&#8221;3\/4&#8243;][vc_column_text]\n<h3 class=\"ProductHeading__product-heading__wGhnq__0-0-2073 ProductHeading__product-heading--xs__8Y-ve__0-0-2073\" data-testid=\"document-title\">Muestra Anual C\u00e1tedra Anah\u00ed C\u00e1ceres 2014<\/h3>\n[\/vc_column_text][vc_column_text]\n<p class=\"ProductHeading__product-heading__wGhnq__0-0-2073 ProductHeading__product-heading--xs__8Y-ve__0-0-2073\" data-testid=\"document-title\">UNA &#8211; Artes Visuales.C\u00e1tedra C\u00e1ceres. Inauguraci\u00f3n 9 de diciembre 2014, Centro Cultural Doblar el Viento. CABA.<\/p>\n<h3><a href=\"http:\/\/arteuna.com\/ediciones2023\/muestra-2014.pdf\" target=\"_blank\" rel=\"noopener\"><strong>PDF &gt;&gt;<\/strong><\/a><\/h3>\n[\/vc_column_text][\/vc_column_inner][\/vc_row_inner][vc_row_inner content_placement=&#8221;top&#8221;][vc_column_inner width=&#8221;1\/4&#8243;][vc_single_image image=&#8221;333&#8243;][\/vc_column_inner][vc_column_inner width=&#8221;3\/4&#8243;][vc_column_text]\n<h3 class=\"ProductHeading__product-heading__wGhnq__0-0-2073 ProductHeading__product-heading--xs__8Y-ve__0-0-2073\" data-testid=\"document-title\">arteUna FASE versi\u00f3n Tucum\u00e1n 2014<\/h3>\n[\/vc_column_text][vc_column_text]Muestra de FASE versi\u00f3n Tucum\u00e1n en el Museo Timoteo Navarro. 2\u00ba Simposio Internacional de Arte Impreso. Universidad Nacional de Tucum\u00e1n.<\/p>\n<h3><a href=\"http:\/\/arteuna.com\/ediciones2023\/arteuna-fase-tucuman.pdf\" target=\"_blank\" rel=\"noopener\"><strong>PDF &gt;&gt;<\/strong><\/a><\/h3>\n[\/vc_column_text][\/vc_column_inner][\/vc_row_inner][vc_row_inner content_placement=&#8221;top&#8221;][vc_column_inner width=&#8221;1\/4&#8243;][vc_single_image image=&#8221;336&#8243;][\/vc_column_inner][vc_column_inner width=&#8221;3\/4&#8243;][vc_column_text]\n<h3 class=\"ProductHeading__product-heading__wGhnq__0-0-2073 ProductHeading__product-heading--xs__8Y-ve__0-0-2073\" data-testid=\"document-title\">Cat\u00e1logo Libros de artista- Anah\u00ed C\u00e1ceres<\/h3>\n[\/vc_column_text][vc_column_text]Selecci\u00f3n 1990- 2013.<\/p>\n<h3><a href=\"http:\/\/arteuna.com\/ediciones2023\/libro-de-artista-a_caceres_jdr_compressed.pdf\" target=\"_blank\" rel=\"noopener\"><strong>PDF &gt;&gt;<\/strong><\/a><\/h3>\n[\/vc_column_text][\/vc_column_inner][\/vc_row_inner][vc_row_inner content_placement=&#8221;top&#8221;][vc_column_inner width=&#8221;1\/4&#8243;][vc_single_image image=&#8221;341&#8243;][\/vc_column_inner][vc_column_inner width=&#8221;3\/4&#8243;][vc_column_text]\n<h3 class=\"ProductHeading__product-heading__wGhnq__0-0-2073 ProductHeading__product-heading--xs__8Y-ve__0-0-2073\" data-testid=\"document-title\">De la misma matriz, una mirada retrospectiva<\/h3>\n<p class=\"ProductHeading__product-heading__wGhnq__0-0-2073 ProductHeading__product-heading--xs__8Y-ve__0-0-2073\" data-testid=\"document-title\">Anahi C\u00e1ceres. Obras de 1984 a 2013<br \/>\nPalacio Nacional de las Artes, Palais de Glace<br \/>\n8 de Agosto al 9 de Septiembre 2013<br \/>\nFotos:Marta Sacco<\/p>\n<h3><a href=\"http:\/\/arteuna.com\/ediciones2023\/album-PalaisdeGlace.pdf\" target=\"_blank\" rel=\"noopener\"><strong>PDF &gt;&gt;<\/strong><\/a><\/h3>\n[\/vc_column_text][\/vc_column_inner][\/vc_row_inner][vc_row_inner content_placement=&#8221;top&#8221;][vc_column_inner width=&#8221;1\/4&#8243;][vc_single_image image=&#8221;348&#8243;][\/vc_column_inner][vc_column_inner width=&#8221;3\/4&#8243;][vc_column_text]\n<h3 class=\"ProductHeading__product-heading__wGhnq__0-0-2073 ProductHeading__product-heading--xs__8Y-ve__0-0-2073\" data-testid=\"document-title\">De la misma matriz, una mirada retrospectiva &#8211; Cat\u00e1logo P\u00e1gina12<\/h3>\n<p class=\"ProductHeading__product-heading__wGhnq__0-0-2073 ProductHeading__product-heading--xs__8Y-ve__0-0-2073\" data-testid=\"document-title\">Anahi C\u00e1ceres. Obras de 1984 a 2013<br \/>\nPalacio Nacional de las Artes, Palais de Glace<br \/>\n8 de Agosto al 9 de Septiembre 2013<br \/>\nFotos:Marta Sacco<\/p>\n<h3><a href=\"http:\/\/arteuna.com\/ediciones2023\/Anahi-Caceres-Pagina12-Palais.pdf\" target=\"_blank\" rel=\"noopener\"><strong>PDF &gt;&gt;<\/strong><\/a><\/h3>\n[\/vc_column_text][\/vc_column_inner][\/vc_row_inner][vc_row_inner content_placement=&#8221;top&#8221;][vc_column_inner width=&#8221;1\/4&#8243;][vc_single_image image=&#8221;350&#8243;][\/vc_column_inner][vc_column_inner width=&#8221;3\/4&#8243;][vc_column_text]\n<h3 class=\"ProductHeading__product-heading__wGhnq__0-0-2073 ProductHeading__product-heading--xs__8Y-ve__0-0-2073\" data-testid=\"document-title\">De la misma matriz, una mirada retrospectiva<\/h3>\n<p class=\"ProductHeading__product-heading__wGhnq__0-0-2073 ProductHeading__product-heading--xs__8Y-ve__0-0-2073\" data-testid=\"document-title\">Anahi C\u00e1ceres. Obras de 1984 a 2013<br \/>\nPalacio Nacional de las Artes, Palais de Glace<br \/>\n8 de Agosto al 9 de Septiembre 2013<\/p>\n<h3><a href=\"http:\/\/arteuna.com\/ediciones2023\/catalogo-palais.pdf\" target=\"_blank\" rel=\"noopener\"><strong>PDF &gt;&gt;<\/strong><\/a><\/h3>\n[\/vc_column_text][\/vc_column_inner][\/vc_row_inner][vc_row_inner content_placement=&#8221;top&#8221;][vc_column_inner width=&#8221;1\/4&#8243;][vc_single_image image=&#8221;346&#8243;][\/vc_column_inner][vc_column_inner width=&#8221;3\/4&#8243;][vc_column_text]\n<h3 class=\"ProductHeading__product-heading__wGhnq__0-0-2073 ProductHeading__product-heading--xs__8Y-ve__0-0-2073\" data-testid=\"document-title\">Visitas guiadas &#8211; Palais de Glace<\/h3>\n[\/vc_column_text][vc_column_text]Anahi C\u00e1ceres. Obras de 1984 a 2013<br \/>\nPalacio Nacional de las Artes, Palais de Glace<br \/>\n8 de Agosto al 9 de Septiembre 2013<br \/>\nFotos:Marta Sacco<\/p>\n<h3><a href=\"http:\/\/arteuna.com\/ediciones2023\/visita-guiada-Palais.pdf\" target=\"_blank\" rel=\"noopener\"><strong>PDF &gt;&gt;<\/strong><\/a><\/h3>\n[\/vc_column_text][\/vc_column_inner][\/vc_row_inner][vc_row_inner content_placement=&#8221;top&#8221;][vc_column_inner width=&#8221;1\/4&#8243;][vc_single_image image=&#8221;348&#8243;][\/vc_column_inner][vc_column_inner width=&#8221;3\/4&#8243;][vc_column_text]\n<h3 class=\"ProductHeading__product-heading__wGhnq__0-0-2073 ProductHeading__product-heading--xs__8Y-ve__0-0-2073\" data-testid=\"document-title\">De la misma matriz, una mirada retrospectiva &#8211; Museo Caraffa<\/h3>\n<p class=\"ProductHeading__product-heading__wGhnq__0-0-2073 ProductHeading__product-heading--xs__8Y-ve__0-0-2073\" data-testid=\"document-title\">Cat\u00e1logo P\u00e1gina12<\/p>\n<h3><a href=\"https:\/\/arteuna.com\/ediciones2023\/anahi_caceres_pagina12_alta_op.pdf\" target=\"_blank\" rel=\"noopener\"><strong>PDF &gt;&gt;<\/strong><\/a><\/h3>\n[\/vc_column_text][\/vc_column_inner][\/vc_row_inner][vc_row_inner content_placement=&#8221;top&#8221;][vc_column_inner width=&#8221;1\/4&#8243;][vc_single_image image=&#8221;353&#8243;][\/vc_column_inner][vc_column_inner width=&#8221;3\/4&#8243;][vc_column_text]\n<h3>Archivo fotogr\u00e1fico Museo Emilio Caraffa MEC<\/h3>\n<p>Anah\u00ed C\u00e1ceres Marzo 2013<\/p>\n<h3><a href=\"http:\/\/arteuna.com\/ediciones2023\/album_Caraffa.pdf\" target=\"_blank\" rel=\"noopener\"><strong>PDF &gt;&gt;<\/strong><\/a><\/h3>\n[\/vc_column_text][\/vc_column_inner][\/vc_row_inner][vc_row_inner content_placement=&#8221;top&#8221;][vc_column_inner width=&#8221;1\/4&#8243;][vc_single_image image=&#8221;352&#8243;][\/vc_column_inner][vc_column_inner width=&#8221;3\/4&#8243;][vc_column_text]\n<h3>Recuerdos del futuro<\/h3>\n<p>Por Javier Mattio<br \/>\nLa retrospectiva de Anah\u00ed C\u00e1ceres en el museo Caraffa repasa una obra<br \/>\nconceptual preocupada por los rituales ancestrales y contempor\u00e1neos.<\/p>\n<h3><a href=\"http:\/\/arteuna.com\/ediciones2023\/Javier-Mattio-2013-La-Voz-del-Interior.pdf\" target=\"_blank\" rel=\"noopener\"><strong>PDF &gt;&gt;<\/strong><\/a><\/h3>\n[\/vc_column_text][\/vc_column_inner][\/vc_row_inner][vc_row_inner content_placement=&#8221;top&#8221;][vc_column_inner width=&#8221;1\/4&#8243;][vc_single_image image=&#8221;354&#8243;][\/vc_column_inner][vc_column_inner width=&#8221;3\/4&#8243;][vc_column_text]\n<h3>De la misma matr\u00edz &#8211; Museo Emilio Caraffa MEC<\/h3>\n<p>Anah\u00ed C\u00e1ceres Marzo 2013<\/p>\n<h3><a href=\"http:\/\/arteuna.com\/ediciones2023\/anahi-caceres-catalogo-caraffa.pdf\" target=\"_blank\" rel=\"noopener\"><strong>PDF &gt;&gt;<\/strong><\/a><\/h3>\n[\/vc_column_text][\/vc_column_inner][\/vc_row_inner][vc_row_inner content_placement=&#8221;top&#8221;][vc_column_inner width=&#8221;1\/4&#8243;][vc_single_image image=&#8221;357&#8243;][\/vc_column_inner][vc_column_inner width=&#8221;3\/4&#8243;][vc_column_text]\n<h3>Proyecto LUPA &#8211; MEC<\/h3>\n<p>Entrevista a ANAH\u00cd C\u00c1CERES<br \/>\nPASADO, PRESENTE\u2026 y pasado otra vez.<\/p>\n<h3><a href=\"http:\/\/arteuna.com\/ediciones2023\/Entrevista_ANAHI_CACERES.pdf\" target=\"_blank\" rel=\"noopener\"><strong>PDF &gt;&gt;<\/strong><\/a><\/h3>\n[\/vc_column_text][\/vc_column_inner][\/vc_row_inner][vc_row_inner content_placement=&#8221;top&#8221;][vc_column_inner width=&#8221;1\/4&#8243;][vc_single_image image=&#8221;356&#8243;][\/vc_column_inner][vc_column_inner width=&#8221;3\/4&#8243;][vc_column_text]\n<h3>Muestra anual 2013 &#8211; C\u00e1tedra C\u00e1ceres 13 a\u00f1os<\/h3>\n<p>MUSEO SAN FERNANDO<br \/>\nfotos Marta Gonzalez<\/p>\n<h3><a href=\"http:\/\/arteuna.com\/ediciones2023\/catedra-caceres.pdf\" target=\"_blank\" rel=\"noopener\"><strong>PDF &gt;&gt;<\/strong><\/a><\/h3>\n[\/vc_column_text][\/vc_column_inner][\/vc_row_inner][vc_row_inner content_placement=&#8221;top&#8221;][vc_column_inner width=&#8221;1\/4&#8243;][vc_single_image image=&#8221;343&#8243;][\/vc_column_inner][vc_column_inner width=&#8221;3\/4&#8243;][vc_column_text]\n<h3 class=\"ProductHeading__product-heading__wGhnq__0-0-2073 ProductHeading__product-heading--xs__8Y-ve__0-0-2073\" data-testid=\"document-title\">Muestra Anual C\u00e1tedra C\u00e1ceres 2012 &#8211; IMPA<\/h3>\n[\/vc_column_text][vc_column_text]En el 4\u00b0 festival de Video Poes\u00eda &#8220;Por la Tierra&#8221;<br \/>\nVideoBardo- IMPA La f\u00e1brica<\/p>\n<h3><a href=\"http:\/\/arteuna.com\/ediciones2023\/album.pdf\" target=\"_blank\" rel=\"noopener\"><strong>PDF &gt;&gt;<\/strong><\/a><\/h3>\n[\/vc_column_text][\/vc_column_inner][\/vc_row_inner][vc_row_inner content_placement=&#8221;top&#8221;][vc_column_inner width=&#8221;1\/4&#8243;][vc_single_image image=&#8221;361&#8243;][\/vc_column_inner][vc_column_inner width=&#8221;3\/4&#8243;][vc_column_text]\n<h3>Instrucciones para aprender del mal del sauce<\/h3>\n<p>Libro de artista<\/p>\n<h3><a href=\"http:\/\/arteuna.com\/ediciones2023\/maldelsauce.pdf\" target=\"_blank\" rel=\"noopener\"><strong>PDF &gt;&gt;<\/strong><\/a><\/h3>\n[\/vc_column_text][\/vc_column_inner][\/vc_row_inner][vc_row_inner content_placement=&#8221;top&#8221;][vc_column_inner width=&#8221;1\/4&#8243;][vc_single_image image=&#8221;423&#8243;][\/vc_column_inner][vc_column_inner width=&#8221;3\/4&#8243;][vc_column_text]\n<h3>Anah\u00ed C\u00e1ceres: Lectura del Arte Precolombino &#8211; El Ceremonial mapuche del Nguillantun<\/h3>\n<p>Octubre 1992.<\/p>\n<h3><a href=\"https:\/\/www.arteuna.com\/PLASTICA\/caceres_ceremonia.pdf\" target=\"_blank\" rel=\"noopener\"><strong>PDF &gt;&gt;<\/strong><\/a><\/h3>\n[\/vc_column_text][\/vc_column_inner][\/vc_row_inner][\/vc_column][vc_column width=&#8221;1\/3&#8243;]<h1 class=\"vcex-module vcex-heading wpex-text-2xl wpex-font-normal wpex-m-auto wpex-max-w-100 vcex-heading-plain wpex-block\" style=\"color:#000000;font-family:&#039;Open Sans&#039;,sans-serif;\"><a href=\"https:\/\/arteuna.com\/INICIO\/tesis\/\" target=\"_blank\" rel=\"noopener noreferrer\" class=\"wpex-no-underline wpex-inherit-color\"\"><span class=\"vcex-heading-inner wpex-inline-block wpex-clr\">Memorias de tesis \/\/<\/span><\/a><\/h1>[vc_column_text]Tesis, Asesor\u00edas y curadur\u00edas; Participaci\u00f3n y Direcci\u00f3n de proyectos e investigaciones por Anah\u00ed C\u00e1ceres.[\/vc_column_text][vc_empty_space height=&#8221;15px&#8221;][vc_separator css=&#8221;.vc_custom_1616801265835{padding-top: 10px !important;padding-bottom: 10px !important;}&#8221;]<h1 class=\"vcex-module vcex-heading wpex-text-2xl wpex-font-normal wpex-m-auto wpex-max-w-100 vcex-heading-plain wpex-block\" style=\"color:#000000;font-family:&#039;Open Sans&#039;,sans-serif;\"><a href=\"https:\/\/catedracaceres.wordpress.com\/linea-de-tiempo-multimedia\/\" target=\"_blank\" rel=\"noopener noreferrer\" class=\"wpex-no-underline wpex-inherit-color\"\"><span class=\"vcex-heading-inner wpex-inline-block wpex-clr\">L\u00ednea de tiempo \/\/<\/span><\/a><\/h1>[vc_column_text]Material de investigaci\u00f3n en proceso iniciado por\u00a0<a href=\"http:\/\/anahicaceresarteuna.wordpress.com\/\" target=\"_blank\" rel=\"noopener\">Anah\u00ed C\u00e1ceres<\/a>\u00a0desde fines de los \u201990 en\u00a0<a href=\"http:\/\/www.arteuna.com\/\">arteUna\u00a0<\/a>\u00a0y puesta a disposici\u00f3n de su C\u00e1tedra desde el\u00a0 2007 para ser intervenido por los alumnos del\u00a0<a href=\"http:\/\/www.iuna.edu.ar\/\">UNA \u2013 Artes Visuales.<\/a>\u00a0 (y\u00a0\u00a0<a href=\"http:\/\/www.multimediafuc.wordpress.com\/\">Taller Multimedia de la FUC<\/a>).[\/vc_column_text][vc_empty_space height=&#8221;15px&#8221;][vc_separator css=&#8221;.vc_custom_1616801265835{padding-top: 10px !important;padding-bottom: 10px !important;}&#8221;]<h1 class=\"vcex-module vcex-heading wpex-text-2xl wpex-font-normal wpex-m-auto wpex-max-w-100 vcex-heading-plain wpex-block\" style=\"color:#000000;font-family:&#039;Open Sans&#039;,sans-serif;\"><span class=\"vcex-heading-inner wpex-inline-block wpex-clr\">Redes sociales \/\/<\/span><\/h1>[vc_column_text]Seguinos en Facebook tanto en arteUna como en la p\u00e1gina del estudio Del Proyecto al Barniz.[\/vc_column_text][vc_empty_space height=&#8221;15px&#8221;][vc_empty_space height=&#8221;15px&#8221;][vc_column_text]<iframe loading=\"lazy\" style=\"border: none; overflow: hidden;\" src=\"https:\/\/www.facebook.com\/plugins\/page.php?href=https%3A%2F%2Fwww.facebook.com%2FarteUna%2Fphotos&amp;tabs=timeline&amp;width=500&amp;height=500&amp;small_header=false&amp;adapt_container_width=true&amp;hide_cover=true&amp;show_facepile=true&amp;appId\" width=\"500\" height=\"500\" frameborder=\"0\" scrolling=\"no\" allowfullscreen=\"allowfullscreen\"><\/iframe>[\/vc_column_text][vc_empty_space height=&#8221;15px&#8221;][vc_column_text]<iframe loading=\"lazy\" style=\"border: none; overflow: hidden;\" src=\"https:\/\/www.facebook.com\/plugins\/page.php?href=https%3A%2F%2Fwww.facebook.com%2Fanahicaceres.estudio&amp;tabs=timeline&amp;width=500&amp;height=500&amp;small_header=false&amp;adapt_container_width=true&amp;hide_cover=true&amp;show_facepile=true&amp;appId\" width=\"500\" height=\"500\" frameborder=\"0\" scrolling=\"no\" allowfullscreen=\"allowfullscreen\"><\/iframe>[\/vc_column_text][\/vc_column][\/vc_row]\n","protected":false},"excerpt":{"rendered":"<p>[vc_row][vc_column width=&#8221;2\/3&#8243;][vc_empty_space height=&#8221;30px&#8221;][vc_row_inner content_placement=&#8221;top&#8221;][vc_column_inner width=&#8221;1\/4&#8243;][vc_single_image image=&#8221;449&#8243;][\/vc_column_inner][vc_column_inner width=&#8221;3\/4&#8243;][vc_column_text] Cat\u00e1logo Sal\u00f3n Nacional &#8211; 109\u00ba 2020\/2021 Sal\u00f3n Nacional de Artes Visuales y Premio a la Trayectoria Art\u00edstica[\/vc_column_text][vc_column_text] PDF &gt;&gt; [\/vc_column_text][\/vc_column_inner][\/vc_row_inner][vc_row_inner content_placement=&#8221;top&#8221;][vc_column_inner width=&#8221;1\/4&#8243;][vc_single_image image=&#8221;442&#8243;][\/vc_column_inner][vc_column_inner width=&#8221;3\/4&#8243;][vc_column_text] Siglo XXI \u2013 Estado del arte y los artistas&hellip;<\/p>\n","protected":false},"author":1,"featured_media":0,"parent":0,"menu_order":0,"comment_status":"closed","ping_status":"closed","template":"","meta":[],"_links":{"self":[{"href":"https:\/\/arteuna.com\/INICIO\/wp-json\/wp\/v2\/pages\/24"}],"collection":[{"href":"https:\/\/arteuna.com\/INICIO\/wp-json\/wp\/v2\/pages"}],"about":[{"href":"https:\/\/arteuna.com\/INICIO\/wp-json\/wp\/v2\/types\/page"}],"author":[{"embeddable":true,"href":"https:\/\/arteuna.com\/INICIO\/wp-json\/wp\/v2\/users\/1"}],"replies":[{"embeddable":true,"href":"https:\/\/arteuna.com\/INICIO\/wp-json\/wp\/v2\/comments?post=24"}],"version-history":[{"count":50,"href":"https:\/\/arteuna.com\/INICIO\/wp-json\/wp\/v2\/pages\/24\/revisions"}],"predecessor-version":[{"id":451,"href":"https:\/\/arteuna.com\/INICIO\/wp-json\/wp\/v2\/pages\/24\/revisions\/451"}],"wp:attachment":[{"href":"https:\/\/arteuna.com\/INICIO\/wp-json\/wp\/v2\/media?parent=24"}],"curies":[{"name":"wp","href":"https:\/\/api.w.org\/{rel}","templated":true}]}}