{"id":306,"date":"2023-05-23T19:29:12","date_gmt":"2023-05-23T22:29:12","guid":{"rendered":"https:\/\/arteuna.com\/INICIO\/?page_id=306"},"modified":"2023-10-06T12:53:53","modified_gmt":"2023-10-06T15:53:53","slug":"investigacion","status":"publish","type":"page","link":"https:\/\/arteuna.com\/INICIO\/investigacion\/","title":{"rendered":"Investigaci\u00f3n"},"content":{"rendered":"[vc_row][vc_column]<h1 class=\"vcex-module vcex-heading wpex-text-2xl wpex-font-normal wpex-m-auto wpex-max-w-100 vcex-heading-plain wpex-block\" style=\"color:#000000;font-weight:600;\"><span class=\"vcex-heading-inner wpex-inline-block wpex-clr\">Investigaci\u00f3n - C\u00e1tedra C\u00e1ceres \/\/<\/span><\/h1>[vc_empty_space][vc_column_text]\n<p>Mural del proyecto de investigaci\u00f3n <strong><em>&#8220;Siglo XXI &#8211; Estado del arte y los artistas locales en la era de la tecnolog\u00eda global&#8221;\u00a0<\/em><\/strong>R- 34 \/0646 PIACyT<br \/>C\u00e1tedra C\u00e1ceres UNA 2021-2023.<\/p>\n<p><strong><a href=\"http:\/\/arteuna.com\/Arte_y_tecnologia_global\/Siglo-XXI-Estado-del-arte-y-los-artistas-locales-en-la-era-de-la-tecnologia-global-2023.pdf\" target=\"_blank\" rel=\"noopener\">Publicaci\u00f3n para descargar<\/a> <\/strong>PDF 1.8 MB.<\/p>\n<p><strong><a href=\"http:\/\/arteuna.com\/Arte_y_tecnologia_global\/Mural.pdf\" target=\"_blank\" rel=\"noopener\">Mural para descargar<\/a><\/strong> PDF 14 MB. Para impresi\u00f3n color. Dimensiones: 2 x 1 mts. Papel obra o plotter autoadhesivo.<br \/>Cada QR mide 4 x 4 cms. Se recomienda no reducir por encima del 60% del tama\u00f1o actual.<\/p>\n\n\n<figure class=\"wp-block-image size-large\"><img loading=\"lazy\" class=\"alignnone wp-image-386 size-full\" src=\"https:\/\/arteuna.com\/INICIO\/wp-content\/uploads\/2023\/09\/parablog-02-e1694728456927.jpg\" alt=\"\" width=\"1294\" height=\"647\" srcset=\"https:\/\/arteuna.com\/INICIO\/wp-content\/uploads\/2023\/09\/parablog-02-e1694728456927.jpg 1294w, https:\/\/arteuna.com\/INICIO\/wp-content\/uploads\/2023\/09\/parablog-02-e1694728456927-300x150.jpg 300w, https:\/\/arteuna.com\/INICIO\/wp-content\/uploads\/2023\/09\/parablog-02-e1694728456927-1024x512.jpg 1024w, https:\/\/arteuna.com\/INICIO\/wp-content\/uploads\/2023\/09\/parablog-02-e1694728456927-768x384.jpg 768w\" sizes=\"(max-width: 1294px) 100vw, 1294px\" \/><\/figure>\n<p><strong><br \/>Equipo de investigaci\u00f3n<\/strong><\/p>\n<p>Anah\u00ed C\u00e1ceres<br \/>Karen Brownell<br \/>Juanjo Tirigall<br \/>Mariana Zueta<br \/>Mar\u00eda Jos\u00e9 Barreto<br \/>Carmen Torrieri<br \/>Mariela Farina.<br \/>Jazmin Jacobo<br \/>Clara Riavec<br \/>Alan Kornell.<br \/>Estefan\u00eda Canabal<br \/>Romina Aguilera<\/p>\n<p>&nbsp;<\/p>\n<p><strong>2018-2019<\/strong> <a href=\"https:\/\/catedracaceresuna.wordpress.com\/un-viaje-del-dato-a-la-materia\/\">Un viaje del Dato a la\u00a0Materia: Proyecto de Investigaci\u00f3n Departamento Artes Visuales UNA.\u00a0<\/a>Resoluci\u00f3n 34\/0526\/ PIACYT, del Departamento de Investigaci\u00f3n y Posgrado de la UNA. Direccci\u00f3n: Anah\u00ed C\u00e1ceres. Docentes investigadores: Karen Brownell, Maria Jos\u00e9 Barretto, Claudio Escobar, M\u00f3nica Mir, Juan Jos\u00e9 Tirigall, Mariana Zuetta, Asistentes: Ignacio Bechara, Carmen Torrieri, Ayudante Tecnico: Pablo de la Cruz<\/p>\n<p><strong>2007\u00b72009<\/strong>\u00a0 <a href=\"https:\/\/www.arteuna.com\/laboratorio\/Libro-Caceres-Caceres-Ed-DUNKEN.pdf\" target=\"_blank\" rel=\"noopener\">\u00abSobre los paradigmas dualistas en el proceso de la percepci\u00f3n-creaci\u00f3n art\u00edstica\u00bb<\/a> Director: Investigador principal Conicet Manuel O. C\u00e1ceres,\u00a0Codirectora Anah\u00ed C\u00e1ceres. IUNA, Programa de Incentivos a la Investigaci\u00f3n del Ministerio de Educaci\u00f3n, Ciencia y Tecnolog\u00eda. Artes Visuales.<\/p>\n<p><strong>1983-1987<\/strong> <a href=\"https:\/\/anahicaceresarteuna.wordpress.com\/investigacion\/grupoadev\/\" target=\"_blank\" rel=\"noopener\">Grupo ADEV<\/a><\/p>\n[\/vc_column_text][\/vc_column][\/vc_row]\n","protected":false},"excerpt":{"rendered":"<p>[vc_row][vc_column][vc_empty_space][vc_column_text] Mural del proyecto de investigaci\u00f3n &#8220;Siglo XXI &#8211; Estado del arte y los artistas locales en la era de la tecnolog\u00eda global&#8221;\u00a0R- 34 \/0646 PIACyTC\u00e1tedra C\u00e1ceres UNA 2021-2023. Publicaci\u00f3n para descargar PDF 1.8 MB. Mural para descargar PDF 14&hellip;<\/p>\n","protected":false},"author":1,"featured_media":0,"parent":0,"menu_order":0,"comment_status":"closed","ping_status":"closed","template":"","meta":[],"_links":{"self":[{"href":"https:\/\/arteuna.com\/INICIO\/wp-json\/wp\/v2\/pages\/306"}],"collection":[{"href":"https:\/\/arteuna.com\/INICIO\/wp-json\/wp\/v2\/pages"}],"about":[{"href":"https:\/\/arteuna.com\/INICIO\/wp-json\/wp\/v2\/types\/page"}],"author":[{"embeddable":true,"href":"https:\/\/arteuna.com\/INICIO\/wp-json\/wp\/v2\/users\/1"}],"replies":[{"embeddable":true,"href":"https:\/\/arteuna.com\/INICIO\/wp-json\/wp\/v2\/comments?post=306"}],"version-history":[{"count":17,"href":"https:\/\/arteuna.com\/INICIO\/wp-json\/wp\/v2\/pages\/306\/revisions"}],"predecessor-version":[{"id":394,"href":"https:\/\/arteuna.com\/INICIO\/wp-json\/wp\/v2\/pages\/306\/revisions\/394"}],"wp:attachment":[{"href":"https:\/\/arteuna.com\/INICIO\/wp-json\/wp\/v2\/media?parent=306"}],"curies":[{"name":"wp","href":"https:\/\/api.w.org\/{rel}","templated":true}]}}