{"id":37,"date":"2020-02-14T14:12:19","date_gmt":"2020-02-14T17:12:19","guid":{"rendered":"https:\/\/arteuna.com\/deldatoalamateria\/?page_id=37"},"modified":"2020-06-18T21:42:58","modified_gmt":"2020-06-19T00:42:58","slug":"intervenciones-electronicas","status":"publish","type":"page","link":"https:\/\/arteuna.com\/deldatoalamateria\/intervenciones-electronicas\/","title":{"rendered":"Intervenciones interactivas"},"content":{"rendered":"\t\t<div data-elementor-type=\"wp-page\" data-elementor-id=\"37\" class=\"elementor elementor-37\" data-elementor-settings=\"[]\">\n\t\t\t<div class=\"elementor-inner\">\n\t\t\t\t<div class=\"elementor-section-wrap\">\n\t\t\t\t\t\t\t<section class=\"elementor-element elementor-element-c65023d elementor-section-boxed elementor-section-height-default elementor-section-height-default elementor-section elementor-top-section\" data-id=\"c65023d\" data-element_type=\"section\">\n\t\t\t\t\t\t<div class=\"elementor-container elementor-column-gap-default\">\n\t\t\t\t<div class=\"elementor-row\">\n\t\t\t\t<div class=\"elementor-element elementor-element-6c9b015 elementor-column elementor-col-100 elementor-top-column\" data-id=\"6c9b015\" data-element_type=\"column\">\n\t\t\t<div class=\"elementor-column-wrap  elementor-element-populated\">\n\t\t\t\t\t<div class=\"elementor-widget-wrap\">\n\t\t\t\t<div class=\"elementor-element elementor-element-32cc863 elementor-widget elementor-widget-heading\" data-id=\"32cc863\" data-element_type=\"widget\" data-widget_type=\"heading.default\">\n\t\t\t\t<div class=\"elementor-widget-container\">\n\t\t\t<h2 class=\"elementor-heading-title elementor-size-default\">OTAV III - Sede Xul Solar<\/h2>\t\t<\/div>\n\t\t\t\t<\/div>\n\t\t\t\t<div class=\"elementor-element elementor-element-8d77880 elementor-widget elementor-widget-text-editor\" data-id=\"8d77880\" data-element_type=\"widget\" data-widget_type=\"text-editor.default\">\n\t\t\t\t<div class=\"elementor-widget-container\">\n\t\t\t\t\t<div class=\"elementor-text-editor elementor-clearfix\"><p>El Profesor Lic. Tirigall dirigi\u00f3 las etapas en dos cuatrimestres con las comisiones OTAV 2 y 3: \u201c&#8230;en Nivel 2, se ha desarrollado un trabajo tridimensional en base al montaje de dibujos planos bidimensionales realizados con el software vectorial libre Inkscape. En la \u00faltima etapa del proyecto se descargaron y se hicieron las impresiones 3D de los modelos para intervenir, para hacer cortes. Son cortes mediante la deconstrucci\u00f3n del objeto impreso que luego permiti\u00f3 utilizar las partes como montaje para la realizaci\u00f3n de un objeto de arte electr\u00f3nico, un proyecto de obra cin\u00e9tica o un dispositivo aut\u00f3nomo de arte rob\u00f3tico. El alumno Nic Motta, que realiz\u00f3 la pieza \u201cData Point\u201d sobre el modelo Korell\/ Chirino&#8230;\u201dEl proyecto se conforma de una estructura geom\u00e9trica de tensores el\u00e1sticos, por medio de motores se tensan y se modifica su geometr\u00eda, desarrollado en Arduino sensa el espacio y seg\u00fan lo que suceda en sala, la estructura reacciona y se acomoda a esos est\u00edmulos.<\/p><p>Al mismo tiempo env\u00eda informaci\u00f3n a trav\u00e9s del puerto serial la cual es recibida en una PC. Los datos que capta el sensor son traducidos en software TouchDesigner como coordenadas, en los tres ejes a un modelo de malla digital. Un video mapping sobre toda la pared mostrar\u00e1 el modelo generado que dialogar\u00e1 con el objeto.\u201d<br \/><br \/><\/p><\/div>\n\t\t\t\t<\/div>\n\t\t\t\t<\/div>\n\t\t\t\t\t\t<\/div>\n\t\t\t<\/div>\n\t\t<\/div>\n\t\t\t\t\t\t<\/div>\n\t\t\t<\/div>\n\t\t<\/section>\n\t\t\t\t<section class=\"elementor-element elementor-element-37e6b5d elementor-section-boxed elementor-section-height-default elementor-section-height-default elementor-section elementor-top-section\" data-id=\"37e6b5d\" data-element_type=\"section\">\n\t\t\t\t\t\t<div class=\"elementor-container elementor-column-gap-default\">\n\t\t\t\t<div class=\"elementor-row\">\n\t\t\t\t<div class=\"elementor-element elementor-element-7081932 elementor-column elementor-col-100 elementor-top-column\" data-id=\"7081932\" data-element_type=\"column\">\n\t\t\t<div class=\"elementor-column-wrap  elementor-element-populated\">\n\t\t\t\t\t<div class=\"elementor-widget-wrap\">\n\t\t\t\t<div class=\"elementor-element elementor-element-f381971 elementor-widget elementor-widget-text-editor\" data-id=\"f381971\" data-element_type=\"widget\" data-widget_type=\"text-editor.default\">\n\t\t\t\t<div class=\"elementor-widget-container\">\n\t\t\t\t\t<div class=\"elementor-text-editor elementor-clearfix\">\n\t\t<style type=\"text\/css\">\n\t\t\t#gallery-1 {\n\t\t\t\tmargin: auto;\n\t\t\t}\n\t\t\t#gallery-1 .gallery-item {\n\t\t\t\tfloat: left;\n\t\t\t\tmargin-top: 10px;\n\t\t\t\ttext-align: center;\n\t\t\t\twidth: 33%;\n\t\t\t}\n\t\t\t#gallery-1 img {\n\t\t\t\tborder: 2px solid #cfcfcf;\n\t\t\t}\n\t\t\t#gallery-1 .gallery-caption {\n\t\t\t\tmargin-left: 0;\n\t\t\t}\n\t\t\t\/* see gallery_shortcode() in wp-includes\/media.php *\/\n\t\t<\/style>\n\t\t<div id='gallery-1' class='gallery galleryid-37 gallery-columns-3 gallery-size-medium'><dl class='gallery-item'>\n\t\t\t<dt class='gallery-icon landscape'>\n\t\t\t\t<a href='https:\/\/arteuna.com\/deldatoalamateria\/20191206_185505\/'><img width=\"300\" height=\"169\" src=\"https:\/\/arteuna.com\/deldatoalamateria\/wp-content\/uploads\/2020\/03\/20191206_185505.jpg\" class=\"attachment-medium size-medium\" alt=\"\" loading=\"lazy\" aria-describedby=\"gallery-1-484\" \/><\/a>\n\t\t\t<\/dt>\n\t\t\t\t<dd class='wp-caption-text gallery-caption' id='gallery-1-484'>\n\t\t\t\tBlanco Elissalde Lautaro\n\t\t\t\t<\/dd><\/dl><dl class='gallery-item'>\n\t\t\t<dt class='gallery-icon landscape'>\n\t\t\t\t<a href='https:\/\/arteuna.com\/deldatoalamateria\/a\/'><img width=\"300\" height=\"192\" src=\"https:\/\/arteuna.com\/deldatoalamateria\/wp-content\/uploads\/2020\/03\/a-300x192.jpg\" class=\"attachment-medium size-medium\" alt=\"\" loading=\"lazy\" aria-describedby=\"gallery-1-485\" srcset=\"https:\/\/arteuna.com\/deldatoalamateria\/wp-content\/uploads\/2020\/03\/a-300x192.jpg 300w, https:\/\/arteuna.com\/deldatoalamateria\/wp-content\/uploads\/2020\/03\/a.jpg 625w\" sizes=\"(max-width: 300px) 100vw, 300px\" \/><\/a>\n\t\t\t<\/dt>\n\t\t\t\t<dd class='wp-caption-text gallery-caption' id='gallery-1-485'>\n\t\t\t\tVerdun Etelvina Celeste\n\t\t\t\t<\/dd><\/dl><dl class='gallery-item'>\n\t\t\t<dt class='gallery-icon landscape'>\n\t\t\t\t<a href='https:\/\/arteuna.com\/deldatoalamateria\/b\/'><img width=\"300\" height=\"192\" src=\"https:\/\/arteuna.com\/deldatoalamateria\/wp-content\/uploads\/2020\/03\/b-300x192.jpg\" class=\"attachment-medium size-medium\" alt=\"\" loading=\"lazy\" aria-describedby=\"gallery-1-486\" srcset=\"https:\/\/arteuna.com\/deldatoalamateria\/wp-content\/uploads\/2020\/03\/b-300x192.jpg 300w, https:\/\/arteuna.com\/deldatoalamateria\/wp-content\/uploads\/2020\/03\/b.jpg 625w\" sizes=\"(max-width: 300px) 100vw, 300px\" \/><\/a>\n\t\t\t<\/dt>\n\t\t\t\t<dd class='wp-caption-text gallery-caption' id='gallery-1-486'>\n\t\t\t\tMotta Salguero Nicolas\n\t\t\t\t<\/dd><\/dl><br style=\"clear: both\" \/><dl class='gallery-item'>\n\t\t\t<dt class='gallery-icon landscape'>\n\t\t\t\t<a href='https:\/\/arteuna.com\/deldatoalamateria\/c\/'><img width=\"300\" height=\"192\" src=\"https:\/\/arteuna.com\/deldatoalamateria\/wp-content\/uploads\/2020\/03\/c-300x192.jpg\" class=\"attachment-medium size-medium\" alt=\"\" loading=\"lazy\" aria-describedby=\"gallery-1-487\" srcset=\"https:\/\/arteuna.com\/deldatoalamateria\/wp-content\/uploads\/2020\/03\/c-300x192.jpg 300w, https:\/\/arteuna.com\/deldatoalamateria\/wp-content\/uploads\/2020\/03\/c.jpg 625w\" sizes=\"(max-width: 300px) 100vw, 300px\" \/><\/a>\n\t\t\t<\/dt>\n\t\t\t\t<dd class='wp-caption-text gallery-caption' id='gallery-1-487'>\n\t\t\t\tOchoa Erika Agustina\n\t\t\t\t<\/dd><\/dl><dl class='gallery-item'>\n\t\t\t<dt class='gallery-icon landscape'>\n\t\t\t\t<a href='https:\/\/arteuna.com\/deldatoalamateria\/e\/'><img width=\"300\" height=\"192\" src=\"https:\/\/arteuna.com\/deldatoalamateria\/wp-content\/uploads\/2020\/03\/e-300x192.jpg\" class=\"attachment-medium size-medium\" alt=\"\" loading=\"lazy\" aria-describedby=\"gallery-1-489\" srcset=\"https:\/\/arteuna.com\/deldatoalamateria\/wp-content\/uploads\/2020\/03\/e-300x192.jpg 300w, https:\/\/arteuna.com\/deldatoalamateria\/wp-content\/uploads\/2020\/03\/e.jpg 625w\" sizes=\"(max-width: 300px) 100vw, 300px\" \/><\/a>\n\t\t\t<\/dt>\n\t\t\t\t<dd class='wp-caption-text gallery-caption' id='gallery-1-489'>\n\t\t\t\tGarcia Figueiras Florencia\n\t\t\t\t<\/dd><\/dl>\n\t\t\t<br style='clear: both' \/>\n\t\t<\/div>\n<\/div>\n\t\t\t\t<\/div>\n\t\t\t\t<\/div>\n\t\t\t\t\t\t<\/div>\n\t\t\t<\/div>\n\t\t<\/div>\n\t\t\t\t\t\t<\/div>\n\t\t\t<\/div>\n\t\t<\/section>\n\t\t\t\t<section class=\"elementor-element elementor-element-f8494ab elementor-section-boxed elementor-section-height-default elementor-section-height-default elementor-section elementor-top-section\" data-id=\"f8494ab\" data-element_type=\"section\">\n\t\t\t\t\t\t<div class=\"elementor-container elementor-column-gap-default\">\n\t\t\t\t<div class=\"elementor-row\">\n\t\t\t\t<div class=\"elementor-element elementor-element-ea25135 elementor-column elementor-col-100 elementor-top-column\" data-id=\"ea25135\" data-element_type=\"column\">\n\t\t\t<div class=\"elementor-column-wrap  elementor-element-populated\">\n\t\t\t\t\t<div class=\"elementor-widget-wrap\">\n\t\t\t\t<div class=\"elementor-element elementor-element-7187236 elementor-widget elementor-widget-spacer\" data-id=\"7187236\" data-element_type=\"widget\" data-widget_type=\"spacer.default\">\n\t\t\t\t<div class=\"elementor-widget-container\">\n\t\t\t\t\t<div class=\"elementor-spacer\">\n\t\t\t<div class=\"elementor-spacer-inner\"><\/div>\n\t\t<\/div>\n\t\t\t\t<\/div>\n\t\t\t\t<\/div>\n\t\t\t\t<div class=\"elementor-element elementor-element-9144c86 elementor-widget elementor-widget-divider\" data-id=\"9144c86\" data-element_type=\"widget\" data-widget_type=\"divider.default\">\n\t\t\t\t<div class=\"elementor-widget-container\">\n\t\t\t\t\t<div class=\"elementor-divider\">\n\t\t\t<span class=\"elementor-divider-separator\">\n\t\t\t\t\t\t<\/span>\n\t\t<\/div>\n\t\t\t\t<\/div>\n\t\t\t\t<\/div>\n\t\t\t\t<div class=\"elementor-element elementor-element-e7e2a9e elementor-widget elementor-widget-heading\" data-id=\"e7e2a9e\" data-element_type=\"widget\" data-widget_type=\"heading.default\">\n\t\t\t\t<div class=\"elementor-widget-container\">\n\t\t\t<h2 class=\"elementor-heading-title elementor-size-default\">Mariela Farina - Instalaci\u00f3n \"Mocoret\u00e1\"<\/h2>\t\t<\/div>\n\t\t\t\t<\/div>\n\t\t\t\t<div class=\"elementor-element elementor-element-1466663 elementor-widget elementor-widget-text-editor\" data-id=\"1466663\" data-element_type=\"widget\" data-widget_type=\"text-editor.default\">\n\t\t\t\t<div class=\"elementor-widget-container\">\n\t\t\t\t\t<div class=\"elementor-text-editor elementor-clearfix\"><p>Como continuidad de mi proyecto de la tesis, donde imperaba la necesidad del archivo que el medio nos ofrece, en este caso los datos o las estad\u00edsticas de crecimiento de los r\u00edos, aislando otros factores creativos y emotivos. En esta propuesta de la investigaci\u00f3n de nuevo me interpela el archivo con un nuevo desaf\u00edo inherente a los riesgos que nos permite atravesar esta investigaci\u00f3n.<\/p><p>En una obra anterior recurr\u00ed a la sonificaci\u00f3n de datos para mostrar\u00a0mediante la escala musical el crecimiento del r\u00edo Uruguay a la altura del puerto\u00a0Mocoret\u00e1 en la Provincia de Corrientes. Esto guardaba relaci\u00f3n con la necesidad de\u00a0una b\u00fasqueda de armon\u00eda dentro del caos que hab\u00eda representado en el pasado\u00a0una inundaci\u00f3n por la necesidad y los efectos de las represas hidroel\u00e9ctricas.<\/p><p>Para esta ocasi\u00f3n el tema es el mismo, y la forma de representarlo partir\u00e1 de la transformaci\u00f3n de un modelo ya dise\u00f1ado existente en el canal Thingiverse \u201cUn viaje del dato a la materia\u201d. Eleg\u00ed la pieza de Bel\u00e9n Frattesi y la de Pieres. Estas piezas presentan formas geom\u00e9tricas que tienen un centro por el cual pasa un eje vertical y, la forma circular inicial y sus variantes posibilitan una configuraci\u00f3n radial variable. Por ello estas formas me resultan \u00fatiles para aplicarles las variables que yo desee, las cuales provocaran en cada fragmento circular una deformaci\u00f3n de acuerdo a los datos recolectados. Convirtiendo estas obras en nuevas obras portadoras de informaci\u00f3n, en una visualizaci\u00f3n de datos.<\/p><p>Por definici\u00f3n dentro del campo inherente a las t\u00e9cnicas de visualizaci\u00f3n de datos, el tipo de gr\u00e1fico radial es un gr\u00e1fico circular que se utiliza principalmente como herramienta de comparaci\u00f3n de datos. A veces, se denomina tambi\u00e9n gr\u00e1fico de ara\u00f1a o gr\u00e1fico de estrella. El \u00e1rea de trazado tambi\u00e9n se puede mostrar como un pol\u00edgono. A diferencia de la mayor\u00eda de los otros tipos de gr\u00e1fico, el tipo de gr\u00e1fico radial utiliza la circunferencia del gr\u00e1fico como eje X. Los gr\u00e1ficos radiales integran varios ejes en una \u00fanica figura radial. En cada figura, se trazan los datos a lo largo de un eje independiente que comienza en el centro del gr\u00e1fico.<\/p><p>En esta oportunidad el eje vertical me permite la acumulaci\u00f3n de estos gr\u00e1ficos radiales, con lo cual puedo obtener una clara comparaci\u00f3n de lo que<br \/>sucede en varios puertos. En consonancia con mi inter\u00e9s en transformar estas figuras en sonidos, tengo aqu\u00ed una nueva situaci\u00f3n. En esta oportunidad elijo generar un sonido con las variaciones de crecimiento del r\u00edo en cada puerto. Es decir la ponderaci\u00f3n, arbitraria, de las notas musicales estar\u00e1 generada por una nueva variable.<\/p><p>Esta primera aproximaci\u00f3n sufre nuevos desplazamientos. Cada gr\u00e1fico ser\u00e1 sacado de su emplazamiento visual y reubicado conformando una instalaci\u00f3n. Cada pieza tendr\u00e1 un nuevo entorno cumpliendo una nueva funci\u00f3n. El nuevo conjunto a partir de las mismas piezas revelar\u00e1 una nueva materializaci\u00f3n de los mismos datos.<\/p><p>\u00a0<\/p><\/div>\n\t\t\t\t<\/div>\n\t\t\t\t<\/div>\n\t\t\t\t<section class=\"elementor-element elementor-element-a03f213 elementor-section-boxed elementor-section-height-default elementor-section-height-default elementor-section elementor-inner-section\" data-id=\"a03f213\" data-element_type=\"section\">\n\t\t\t\t\t\t<div class=\"elementor-container elementor-column-gap-default\">\n\t\t\t\t<div class=\"elementor-row\">\n\t\t\t\t<div class=\"elementor-element elementor-element-30f4470 elementor-column elementor-col-16 elementor-inner-column\" data-id=\"30f4470\" data-element_type=\"column\">\n\t\t\t<div class=\"elementor-column-wrap\">\n\t\t\t\t\t<div class=\"elementor-widget-wrap\">\n\t\t\t\t\t\t<\/div>\n\t\t\t<\/div>\n\t\t<\/div>\n\t\t\t\t<div class=\"elementor-element elementor-element-b568bf8 elementor-column elementor-col-16 elementor-inner-column\" data-id=\"b568bf8\" data-element_type=\"column\">\n\t\t\t<div class=\"elementor-column-wrap  elementor-element-populated\">\n\t\t\t\t\t<div class=\"elementor-widget-wrap\">\n\t\t\t\t<div class=\"elementor-element elementor-element-8f97f8f elementor-aspect-ratio-43 elementor-widget elementor-widget-video\" data-id=\"8f97f8f\" data-element_type=\"widget\" data-settings=\"{&quot;aspect_ratio&quot;:&quot;43&quot;}\" data-widget_type=\"video.default\">\n\t\t\t\t<div class=\"elementor-widget-container\">\n\t\t\t\t\t<div class=\"elementor-wrapper elementor-fit-aspect-ratio elementor-open-inline\">\n\t\t\t<iframe class=\"elementor-video-iframe\" allowfullscreen title=\"Reproductor de v\u00eddeo youtube\" src=\"https:\/\/www.youtube.com\/embed\/3dRGSdSYN50?feature=oembed&amp;start&amp;end&amp;wmode=opaque&amp;loop=0&amp;controls=1&amp;mute=0&amp;rel=0&amp;modestbranding=0\"><\/iframe>\t\t<\/div>\n\t\t\t\t<\/div>\n\t\t\t\t<\/div>\n\t\t\t\t\t\t<\/div>\n\t\t\t<\/div>\n\t\t<\/div>\n\t\t\t\t<div class=\"elementor-element elementor-element-46df33a elementor-column elementor-col-66 elementor-inner-column\" data-id=\"46df33a\" data-element_type=\"column\">\n\t\t\t<div class=\"elementor-column-wrap\">\n\t\t\t\t\t<div class=\"elementor-widget-wrap\">\n\t\t\t\t\t\t<\/div>\n\t\t\t<\/div>\n\t\t<\/div>\n\t\t\t\t\t\t<\/div>\n\t\t\t<\/div>\n\t\t<\/section>\n\t\t\t\t\t\t<\/div>\n\t\t\t<\/div>\n\t\t<\/div>\n\t\t\t\t\t\t<\/div>\n\t\t\t<\/div>\n\t\t<\/section>\n\t\t\t\t\t\t<\/div>\n\t\t\t<\/div>\n\t\t<\/div>\n\t\t","protected":false},"excerpt":{"rendered":"<p>OTAV III &#8211; Sede Xul Solar El Profesor Lic. Tirigall dirigi\u00f3 las etapas en dos cuatrimestres con las comisiones OTAV 2 y 3: \u201c&#8230;en Nivel 2, se ha desarrollado un trabajo tridimensional en base al montaje de dibujos planos bidimensionales realizados con el software vectorial libre Inkscape. En la \u00faltima etapa del proyecto se descargaron&hellip;<\/p>\n","protected":false},"author":1,"featured_media":0,"parent":0,"menu_order":0,"comment_status":"closed","ping_status":"closed","template":"","meta":[],"_links":{"self":[{"href":"https:\/\/arteuna.com\/deldatoalamateria\/wp-json\/wp\/v2\/pages\/37"}],"collection":[{"href":"https:\/\/arteuna.com\/deldatoalamateria\/wp-json\/wp\/v2\/pages"}],"about":[{"href":"https:\/\/arteuna.com\/deldatoalamateria\/wp-json\/wp\/v2\/types\/page"}],"author":[{"embeddable":true,"href":"https:\/\/arteuna.com\/deldatoalamateria\/wp-json\/wp\/v2\/users\/1"}],"replies":[{"embeddable":true,"href":"https:\/\/arteuna.com\/deldatoalamateria\/wp-json\/wp\/v2\/comments?post=37"}],"version-history":[{"count":24,"href":"https:\/\/arteuna.com\/deldatoalamateria\/wp-json\/wp\/v2\/pages\/37\/revisions"}],"predecessor-version":[{"id":891,"href":"https:\/\/arteuna.com\/deldatoalamateria\/wp-json\/wp\/v2\/pages\/37\/revisions\/891"}],"wp:attachment":[{"href":"https:\/\/arteuna.com\/deldatoalamateria\/wp-json\/wp\/v2\/media?parent=37"}],"curies":[{"name":"wp","href":"https:\/\/api.w.org\/{rel}","templated":true}]}}