{"id":93,"date":"2020-02-20T16:05:39","date_gmt":"2020-02-20T19:05:39","guid":{"rendered":"https:\/\/arteuna.com\/deldatoalamateria\/?page_id=93"},"modified":"2020-05-07T20:39:56","modified_gmt":"2020-05-07T23:39:56","slug":"intervenciones-3d","status":"publish","type":"page","link":"https:\/\/arteuna.com\/deldatoalamateria\/intervenciones-3d\/","title":{"rendered":"Intervenciones 3D"},"content":{"rendered":"\t\t<div data-elementor-type=\"wp-page\" data-elementor-id=\"93\" class=\"elementor elementor-93\" data-elementor-settings=\"[]\">\n\t\t\t<div class=\"elementor-inner\">\n\t\t\t\t<div class=\"elementor-section-wrap\">\n\t\t\t\t\t\t\t<section class=\"elementor-element elementor-element-d3b14e8 elementor-section-boxed elementor-section-height-default elementor-section-height-default elementor-section elementor-top-section\" data-id=\"d3b14e8\" data-element_type=\"section\">\n\t\t\t\t\t\t<div class=\"elementor-container elementor-column-gap-default\">\n\t\t\t\t<div class=\"elementor-row\">\n\t\t\t\t<div class=\"elementor-element elementor-element-075c7ea elementor-column elementor-col-100 elementor-top-column\" data-id=\"075c7ea\" data-element_type=\"column\">\n\t\t\t<div class=\"elementor-column-wrap  elementor-element-populated\">\n\t\t\t\t\t<div class=\"elementor-widget-wrap\">\n\t\t\t\t<div class=\"elementor-element elementor-element-03c4270 elementor-widget elementor-widget-text-editor\" data-id=\"03c4270\" data-element_type=\"widget\" data-widget_type=\"text-editor.default\">\n\t\t\t\t<div class=\"elementor-widget-container\">\n\t\t\t\t\t<div class=\"elementor-text-editor elementor-clearfix\"><p>OTAV III \/ Proyectual \/ Artistas de Tucum\u00e1n \/ Irene Coremberg<\/p><\/div>\n\t\t\t\t<\/div>\n\t\t\t\t<\/div>\n\t\t\t\t\t\t<\/div>\n\t\t\t<\/div>\n\t\t<\/div>\n\t\t\t\t\t\t<\/div>\n\t\t\t<\/div>\n\t\t<\/section>\n\t\t\t\t<section class=\"elementor-element elementor-element-07d8299 elementor-section-boxed elementor-section-height-default elementor-section-height-default elementor-section elementor-top-section\" data-id=\"07d8299\" data-element_type=\"section\">\n\t\t\t\t\t\t<div class=\"elementor-container elementor-column-gap-default\">\n\t\t\t\t<div class=\"elementor-row\">\n\t\t\t\t<div class=\"elementor-element elementor-element-bffd9da elementor-column elementor-col-100 elementor-top-column\" data-id=\"bffd9da\" data-element_type=\"column\">\n\t\t\t<div class=\"elementor-column-wrap  elementor-element-populated\">\n\t\t\t\t\t<div class=\"elementor-widget-wrap\">\n\t\t\t\t<div class=\"elementor-element elementor-element-4a1e23e elementor-widget elementor-widget-heading\" data-id=\"4a1e23e\" data-element_type=\"widget\" data-widget_type=\"heading.default\">\n\t\t\t\t<div class=\"elementor-widget-container\">\n\t\t\t<h2 class=\"elementor-heading-title elementor-size-default\">OTAV III - Sede Prilidiano Pueyrred\u00f3n<\/h2>\t\t<\/div>\n\t\t\t\t<\/div>\n\t\t\t\t<div class=\"elementor-element elementor-element-90c26ac elementor-widget elementor-widget-text-editor\" data-id=\"90c26ac\" data-element_type=\"widget\" data-widget_type=\"text-editor.default\">\n\t\t\t\t<div class=\"elementor-widget-container\">\n\t\t\t\t\t<div class=\"elementor-text-editor elementor-clearfix\"><div id=\"attachment_248\" style=\"width: 1034px\" class=\"wp-caption aligncenter\"><img loading=\"lazy\" aria-describedby=\"caption-attachment-248\" class=\"wp-image-248 size-large\" src=\"https:\/\/arteuna.com\/deldatoalamateria\/wp-content\/uploads\/2020\/02\/arenas-jebsen-1024x198.jpg\" alt=\"\" width=\"1024\" height=\"198\" srcset=\"https:\/\/arteuna.com\/deldatoalamateria\/wp-content\/uploads\/2020\/02\/arenas-jebsen-1024x198.jpg 1024w, https:\/\/arteuna.com\/deldatoalamateria\/wp-content\/uploads\/2020\/02\/arenas-jebsen-300x58.jpg 300w, https:\/\/arteuna.com\/deldatoalamateria\/wp-content\/uploads\/2020\/02\/arenas-jebsen.jpg 1204w\" sizes=\"(max-width: 1024px) 100vw, 1024px\" \/><p id=\"caption-attachment-248\" class=\"wp-caption-text\">Jebsen \/ Arenas. Ploteo l\u00e1ser. modelado e impresi\u00f3n 3D. Animaci\u00f3n.<\/p><\/div><p><span style=\"letter-spacing: 0px;\">\u00a0<\/span><\/p><p><span style=\"letter-spacing: 0px;\">Se dividi\u00f3 el trabajo de t\u00e9cnica de modelado 3d, en tres partes, usando diferentes softwares, para entender algunos m\u00e9todos.<\/span><\/p><p>En la primera parte, se busc\u00f3, generar el mismo objeto 3D, que se hab\u00eda pensado en 2d, en el primer nivel, para convertirlo en 3d, usando las transformaciones (mover, rotar escalar), para mutar-transformar su forma-topolog\u00eda , ubicarlo en el espacio, en la cuadra de la sede de la UNA, Prilidiano Pueyrred\u00f3n, para eso, se modelaron los edificios, en low poly, sin importar si la geometr\u00eda resultante, estuviera generada por tris, quads o ngons. El resultado de este primer acercamiento, era mostrar 5 im\u00e1genes, renders, y una animaci\u00f3n.<\/p><p>La segunda parte, modelado con el m\u00e9todo de Sculpt, con el uso de millones de tris, \u201csimulando modelado org\u00e1nico de arcilla, virtual\u201d y posterior re topolog\u00eda en quads, si se considerara necesario, para manejar cantidad y calidad de caras, ten\u00eda que tener, un nuevo acerca cimiento a los tres objetos elegidos. Sculpt, usando millones de puntos.<\/p><p>La tercera parte, modelado con quads, low poly, preferentemente y uso de la subdivisi\u00f3n catmull Clark, para generar superficies curvas, high poly, para posteriormente animar una de las opciones usando esqueletos, huesos, armadura y vinculaciones.<\/p><p>Para luego, elegir uno de los nueve modelados 3d propuestos y posteriormente, imprimirlo.<\/p><p>Tambi\u00e9n se explor\u00f3 el camino inverso, es decir, ir de la realidad a lo virtual, con m\u00e9todos de escaneo, se us\u00f3 la opci\u00f3n de fotogrametr\u00eda, por no necesitar perif\u00e9ricos extras, salvo c\u00e1mara del celular y app, como otros m\u00e9todos de ir de lo virtual a lo real, como el paper craft o el slicer, layer cake.<\/p><p>Low Poly, High Poly, en base a l\u00edneas, en base a los sub-objetos 3d, v\u00e9rtices, aristas y caras y su posterior transformaci\u00f3n y edici\u00f3n.<\/p><p>Como tambi\u00e9n, uso de modelado con Quads y el algoritmo Catmull-Clark, que es una t\u00e9cnica utilizada en gr\u00e1ficos de computadora en 3D para crear superficies lisas mediante el uso de un tipo de modelado de superficie de subdivisi\u00f3n, para modelar superficies curvas, en base a superficies planas generadas estrat\u00e9gica-mente.<\/p><\/div>\n\t\t\t\t<\/div>\n\t\t\t\t<\/div>\n\t\t\t\t\t\t<\/div>\n\t\t\t<\/div>\n\t\t<\/div>\n\t\t\t\t\t\t<\/div>\n\t\t\t<\/div>\n\t\t<\/section>\n\t\t\t\t<section class=\"elementor-element elementor-element-d76ad4f elementor-section-boxed elementor-section-height-default elementor-section-height-default elementor-section elementor-top-section\" data-id=\"d76ad4f\" data-element_type=\"section\">\n\t\t\t\t\t\t<div class=\"elementor-container elementor-column-gap-default\">\n\t\t\t\t<div class=\"elementor-row\">\n\t\t\t\t<div class=\"elementor-element elementor-element-7123041 elementor-column elementor-col-100 elementor-top-column\" data-id=\"7123041\" data-element_type=\"column\">\n\t\t\t<div class=\"elementor-column-wrap  elementor-element-populated\">\n\t\t\t\t\t<div class=\"elementor-widget-wrap\">\n\t\t\t\t<div class=\"elementor-element elementor-element-b0191a2 elementor-widget elementor-widget-divider\" data-id=\"b0191a2\" data-element_type=\"widget\" data-widget_type=\"divider.default\">\n\t\t\t\t<div class=\"elementor-widget-container\">\n\t\t\t\t\t<div class=\"elementor-divider\">\n\t\t\t<span class=\"elementor-divider-separator\">\n\t\t\t\t\t\t<\/span>\n\t\t<\/div>\n\t\t\t\t<\/div>\n\t\t\t\t<\/div>\n\t\t\t\t\t\t<\/div>\n\t\t\t<\/div>\n\t\t<\/div>\n\t\t\t\t\t\t<\/div>\n\t\t\t<\/div>\n\t\t<\/section>\n\t\t\t\t<section class=\"elementor-element elementor-element-e178512 elementor-section-boxed elementor-section-height-default elementor-section-height-default elementor-section elementor-top-section\" data-id=\"e178512\" data-element_type=\"section\">\n\t\t\t\t\t\t<div class=\"elementor-container elementor-column-gap-default\">\n\t\t\t\t<div class=\"elementor-row\">\n\t\t\t\t<div class=\"elementor-element elementor-element-d0dd7f9 elementor-column elementor-col-100 elementor-top-column\" data-id=\"d0dd7f9\" data-element_type=\"column\">\n\t\t\t<div class=\"elementor-column-wrap  elementor-element-populated\">\n\t\t\t\t\t<div class=\"elementor-widget-wrap\">\n\t\t\t\t<div class=\"elementor-element elementor-element-310d4e0 elementor-widget elementor-widget-heading\" data-id=\"310d4e0\" data-element_type=\"widget\" data-widget_type=\"heading.default\">\n\t\t\t\t<div class=\"elementor-widget-container\">\n\t\t\t<h2 class=\"elementor-heading-title elementor-size-default\">Proyectual<\/h2>\t\t<\/div>\n\t\t\t\t<\/div>\n\t\t\t\t<div class=\"elementor-element elementor-element-cea9f25 elementor-widget elementor-widget-text-editor\" data-id=\"cea9f25\" data-element_type=\"widget\" data-widget_type=\"text-editor.default\">\n\t\t\t\t<div class=\"elementor-widget-container\">\n\t\t\t\t\t<div class=\"elementor-text-editor elementor-clearfix\"><p>Modelos de algunos alumnos de Proyectual que participaron del proyecto.<\/p><p>\u00a0<\/p>\n\t\t<style type=\"text\/css\">\n\t\t\t#gallery-1 {\n\t\t\t\tmargin: auto;\n\t\t\t}\n\t\t\t#gallery-1 .gallery-item {\n\t\t\t\tfloat: left;\n\t\t\t\tmargin-top: 10px;\n\t\t\t\ttext-align: center;\n\t\t\t\twidth: 33%;\n\t\t\t}\n\t\t\t#gallery-1 img {\n\t\t\t\tborder: 2px solid #cfcfcf;\n\t\t\t}\n\t\t\t#gallery-1 .gallery-caption {\n\t\t\t\tmargin-left: 0;\n\t\t\t}\n\t\t\t\/* see gallery_shortcode() in wp-includes\/media.php *\/\n\t\t<\/style>\n\t\t<div id='gallery-1' class='gallery galleryid-93 gallery-columns-3 gallery-size-medium'><dl class='gallery-item'>\n\t\t\t<dt class='gallery-icon landscape'>\n\t\t\t\t<a href='https:\/\/arteuna.com\/deldatoalamateria\/338c6f465215e337c95b91f0697a19ef_preview_featured\/'><img width=\"300\" height=\"225\" src=\"https:\/\/arteuna.com\/deldatoalamateria\/wp-content\/uploads\/2020\/03\/338c6f465215e337c95b91f0697a19ef_preview_featured-300x225.jpg\" class=\"attachment-medium size-medium\" alt=\"\" loading=\"lazy\" aria-describedby=\"gallery-1-480\" srcset=\"https:\/\/arteuna.com\/deldatoalamateria\/wp-content\/uploads\/2020\/03\/338c6f465215e337c95b91f0697a19ef_preview_featured-300x225.jpg 300w, https:\/\/arteuna.com\/deldatoalamateria\/wp-content\/uploads\/2020\/03\/338c6f465215e337c95b91f0697a19ef_preview_featured.jpg 628w\" sizes=\"(max-width: 300px) 100vw, 300px\" \/><\/a>\n\t\t\t<\/dt>\n\t\t\t\t<dd class='wp-caption-text gallery-caption' id='gallery-1-480'>\n\t\t\t\tSilvia Castiglione. 2018\n\t\t\t\t<\/dd><\/dl><dl class='gallery-item'>\n\t\t\t<dt class='gallery-icon landscape'>\n\t\t\t\t<a href='https:\/\/arteuna.com\/deldatoalamateria\/40bbf8a7d20b380e75001c0c261adf03_preview_featured\/'><img width=\"300\" height=\"225\" src=\"https:\/\/arteuna.com\/deldatoalamateria\/wp-content\/uploads\/2020\/03\/40bbf8a7d20b380e75001c0c261adf03_preview_featured-300x225.jpg\" class=\"attachment-medium size-medium\" alt=\"\" loading=\"lazy\" aria-describedby=\"gallery-1-479\" srcset=\"https:\/\/arteuna.com\/deldatoalamateria\/wp-content\/uploads\/2020\/03\/40bbf8a7d20b380e75001c0c261adf03_preview_featured-300x225.jpg 300w, https:\/\/arteuna.com\/deldatoalamateria\/wp-content\/uploads\/2020\/03\/40bbf8a7d20b380e75001c0c261adf03_preview_featured.jpg 628w\" sizes=\"(max-width: 300px) 100vw, 300px\" \/><\/a>\n\t\t\t<\/dt>\n\t\t\t\t<dd class='wp-caption-text gallery-caption' id='gallery-1-479'>\n\t\t\t\tLeila Rosano. 2018\n\t\t\t\t<\/dd><\/dl><dl class='gallery-item'>\n\t\t\t<dt class='gallery-icon landscape'>\n\t\t\t\t<a href='https:\/\/arteuna.com\/deldatoalamateria\/1\/'><img width=\"300\" height=\"225\" src=\"https:\/\/arteuna.com\/deldatoalamateria\/wp-content\/uploads\/2020\/03\/1-300x225.png\" class=\"attachment-medium size-medium\" alt=\"\" loading=\"lazy\" aria-describedby=\"gallery-1-478\" srcset=\"https:\/\/arteuna.com\/deldatoalamateria\/wp-content\/uploads\/2020\/03\/1-300x225.png 300w, https:\/\/arteuna.com\/deldatoalamateria\/wp-content\/uploads\/2020\/03\/1.png 628w\" sizes=\"(max-width: 300px) 100vw, 300px\" \/><\/a>\n\t\t\t<\/dt>\n\t\t\t\t<dd class='wp-caption-text gallery-caption' id='gallery-1-478'>\n\t\t\t\tNelson Mayorga. 2019\n\t\t\t\t<\/dd><\/dl><br style=\"clear: both\" \/>\n\t\t<\/div>\n<\/div>\n\t\t\t\t<\/div>\n\t\t\t\t<\/div>\n\t\t\t\t\t\t<\/div>\n\t\t\t<\/div>\n\t\t<\/div>\n\t\t\t\t\t\t<\/div>\n\t\t\t<\/div>\n\t\t<\/section>\n\t\t\t\t<section class=\"elementor-element elementor-element-d66e3ed elementor-section-boxed elementor-section-height-default elementor-section-height-default elementor-section elementor-top-section\" data-id=\"d66e3ed\" data-element_type=\"section\">\n\t\t\t\t\t\t<div class=\"elementor-container elementor-column-gap-default\">\n\t\t\t\t<div class=\"elementor-row\">\n\t\t\t\t<div class=\"elementor-element elementor-element-9155ea6 elementor-column elementor-col-100 elementor-top-column\" data-id=\"9155ea6\" data-element_type=\"column\">\n\t\t\t<div class=\"elementor-column-wrap  elementor-element-populated\">\n\t\t\t\t\t<div class=\"elementor-widget-wrap\">\n\t\t\t\t<div class=\"elementor-element elementor-element-9682dfa elementor-widget elementor-widget-divider\" data-id=\"9682dfa\" data-element_type=\"widget\" data-widget_type=\"divider.default\">\n\t\t\t\t<div class=\"elementor-widget-container\">\n\t\t\t\t\t<div class=\"elementor-divider\">\n\t\t\t<span class=\"elementor-divider-separator\">\n\t\t\t\t\t\t<\/span>\n\t\t<\/div>\n\t\t\t\t<\/div>\n\t\t\t\t<\/div>\n\t\t\t\t\t\t<\/div>\n\t\t\t<\/div>\n\t\t<\/div>\n\t\t\t\t\t\t<\/div>\n\t\t\t<\/div>\n\t\t<\/section>\n\t\t\t\t<section class=\"elementor-element elementor-element-8703f99 elementor-section-boxed elementor-section-height-default elementor-section-height-default elementor-section elementor-top-section\" data-id=\"8703f99\" data-element_type=\"section\">\n\t\t\t\t\t\t<div class=\"elementor-container elementor-column-gap-default\">\n\t\t\t\t<div class=\"elementor-row\">\n\t\t\t\t<div class=\"elementor-element elementor-element-45ec23d elementor-column elementor-col-100 elementor-top-column\" data-id=\"45ec23d\" data-element_type=\"column\">\n\t\t\t<div class=\"elementor-column-wrap  elementor-element-populated\">\n\t\t\t\t\t<div class=\"elementor-widget-wrap\">\n\t\t\t\t<div class=\"elementor-element elementor-element-518cd29 elementor-widget elementor-widget-heading\" data-id=\"518cd29\" data-element_type=\"widget\" data-widget_type=\"heading.default\">\n\t\t\t\t<div class=\"elementor-widget-container\">\n\t\t\t<h2 class=\"elementor-heading-title elementor-size-default\">Artistas de Tucum\u00e1n<\/h2>\t\t<\/div>\n\t\t\t\t<\/div>\n\t\t\t\t<div class=\"elementor-element elementor-element-ce42a7b elementor-widget elementor-widget-text-editor\" data-id=\"ce42a7b\" data-element_type=\"widget\" data-widget_type=\"text-editor.default\">\n\t\t\t\t<div class=\"elementor-widget-container\">\n\t\t\t\t\t<div class=\"elementor-text-editor elementor-clearfix\"><p><em><span style=\"letter-spacing: 0px;\">Pase, la puerta est\u00e1 abierta.<br \/><\/span><\/em><em>Fax u, ya no se quien sos, fax u, adoro la tele transportaci\u00f3n.<\/em><\/p><p>Charly Garc\u00eda<\/p><p>Las im\u00e1genes recopiladas en este proyecto, que funcionan a manera de instant\u00e1neas, son el recorte de un pasado que evoluciona con algunas modificaciones, que al evocarlo se transforma constantemente.<\/p><p>Con las siglas CC obtenemos un permiso antes de solicitarlo y, cuando decidimos si participamos o no en este juego, sabemos que comenzaremos a adquirir derechos conjuntamente con los deberes, entre ellos, los patrimoniales, pero, tambi\u00e9n con los m\u00e1s importantes, los morales. Sabemos que los primeros tienen una caducidad lineal, de un tiempo finito, como ser en alguno de los casos 70 vueltas al sol, despu\u00e9s de que su autor fallezca.<\/p><p>Arriba citamos a Charly (nuestro homenajeado); virtuoso, pero con un gen que reconoce las notas musicales con solo escucharlas. Tratamos de emularlo meti\u00e9ndonos en el \u201cuniverso de cosas\u201d, no obstante, nos cuesta porque tendremos que idear la manera de identificarlas y ordenar el caos, dise\u00f1ar nuestros propios filtros o categor\u00edas o, incluso, por qu\u00e9 no agregar subcategor\u00edas seg\u00fan nuestras propias necesidades, pero sin descuidar la de conservar el espacio donde el caos contin\u00fae a rienda suelta.<\/p><p>En la temporalidad donde no hay inicios ni grandes cambios, las cosas se vuelven imperceptibles. Este tiempo suspendido se enfrenta a la salvaje finitud del Cronos griego, que siempre anuncia la muerte quit\u00e1ndonos la posibilidad de una reencarnaci\u00f3n a la manera oriental.<\/p><p>Los mundos reales y objetivos no poseen palabras que reflejen con exactitud las dimensiones a interpretar. Las interpretaciones subjetivas redimensionan otros mundos, pero con el cristal de la cultura que la interpreta.<\/p><p>En las sociedades de plataformas, el c\u00f3digo binario es materia sensible de convertir la programaci\u00f3n en el nuevo esperanto, donde la imagen, eternamente<\/p><p>imaginada, se expresa en instant\u00e1neas de un objeto que ser\u00e1 nuevamente manipulado y el mundo de los sue\u00f1os, que traspasa los ejes direccionales, arma nuevas e infinitas im\u00e1genes; la reescritura aparece como un hacer imprescindible para el acto art\u00edstico, y la tele transportaci\u00f3n (una mezcla de documento y ficci\u00f3n) arma un torbellino, pero a partir de las l\u00f3gicas de su propio universo, submundos y derivados.<\/p><p>Marisa Rossini.\u00a0<span style=\"letter-spacing: 0px;\">Febrero 2020<\/span><\/p><p>\u00a0<\/p>\n\t\t<style type=\"text\/css\">\n\t\t\t#gallery-2 {\n\t\t\t\tmargin: auto;\n\t\t\t}\n\t\t\t#gallery-2 .gallery-item {\n\t\t\t\tfloat: left;\n\t\t\t\tmargin-top: 10px;\n\t\t\t\ttext-align: center;\n\t\t\t\twidth: 50%;\n\t\t\t}\n\t\t\t#gallery-2 img {\n\t\t\t\tborder: 2px solid #cfcfcf;\n\t\t\t}\n\t\t\t#gallery-2 .gallery-caption {\n\t\t\t\tmargin-left: 0;\n\t\t\t}\n\t\t\t\/* see gallery_shortcode() in wp-includes\/media.php *\/\n\t\t<\/style>\n\t\t<div id='gallery-2' class='gallery galleryid-93 gallery-columns-2 gallery-size-medium'><dl class='gallery-item'>\n\t\t\t<dt class='gallery-icon landscape'>\n\t\t\t\t<a href='https:\/\/arteuna.com\/deldatoalamateria\/totem04-2\/'><img width=\"300\" height=\"156\" src=\"https:\/\/arteuna.com\/deldatoalamateria\/wp-content\/uploads\/2020\/03\/TOTEM04-1-300x156.jpg\" class=\"attachment-medium size-medium\" alt=\"\" loading=\"lazy\" aria-describedby=\"gallery-2-466\" srcset=\"https:\/\/arteuna.com\/deldatoalamateria\/wp-content\/uploads\/2020\/03\/TOTEM04-1-300x156.jpg 300w, https:\/\/arteuna.com\/deldatoalamateria\/wp-content\/uploads\/2020\/03\/TOTEM04-1-1024x531.jpg 1024w, https:\/\/arteuna.com\/deldatoalamateria\/wp-content\/uploads\/2020\/03\/TOTEM04-1.jpg 1445w\" sizes=\"(max-width: 300px) 100vw, 300px\" \/><\/a>\n\t\t\t<\/dt>\n\t\t\t\t<dd class='wp-caption-text gallery-caption' id='gallery-2-466'>\n\t\t\t\tAlejandro G\u00f3mez Tolosa. 2020\n\t\t\t\t<\/dd><\/dl><dl class='gallery-item'>\n\t\t\t<dt class='gallery-icon landscape'>\n\t\t\t\t<a href='https:\/\/arteuna.com\/deldatoalamateria\/mariamines\/'><img width=\"300\" height=\"213\" src=\"https:\/\/arteuna.com\/deldatoalamateria\/wp-content\/uploads\/2020\/03\/Mariamines-300x213.png\" class=\"attachment-medium size-medium\" alt=\"\" loading=\"lazy\" aria-describedby=\"gallery-2-467\" srcset=\"https:\/\/arteuna.com\/deldatoalamateria\/wp-content\/uploads\/2020\/03\/Mariamines-300x213.png 300w, https:\/\/arteuna.com\/deldatoalamateria\/wp-content\/uploads\/2020\/03\/Mariamines.png 1012w\" sizes=\"(max-width: 300px) 100vw, 300px\" \/><\/a>\n\t\t\t<\/dt>\n\t\t\t\t<dd class='wp-caption-text gallery-caption' id='gallery-2-467'>\n\t\t\t\tMar\u00eda Mines. 2020.\n\t\t\t\t<\/dd><\/dl><br style=\"clear: both\" \/><dl class='gallery-item'>\n\t\t\t<dt class='gallery-icon landscape'>\n\t\t\t\t<a href='https:\/\/arteuna.com\/deldatoalamateria\/2\/'><img width=\"300\" height=\"169\" src=\"https:\/\/arteuna.com\/deldatoalamateria\/wp-content\/uploads\/2020\/03\/2-300x169.png\" class=\"attachment-medium size-medium\" alt=\"\" loading=\"lazy\" aria-describedby=\"gallery-2-468\" srcset=\"https:\/\/arteuna.com\/deldatoalamateria\/wp-content\/uploads\/2020\/03\/2-300x169.png 300w, https:\/\/arteuna.com\/deldatoalamateria\/wp-content\/uploads\/2020\/03\/2-1024x576.png 1024w, https:\/\/arteuna.com\/deldatoalamateria\/wp-content\/uploads\/2020\/03\/2.png 1920w\" sizes=\"(max-width: 300px) 100vw, 300px\" \/><\/a>\n\t\t\t<\/dt>\n\t\t\t\t<dd class='wp-caption-text gallery-caption' id='gallery-2-468'>\n\t\t\t\tDiego Gelatti. 2020.\n\t\t\t\t<\/dd><\/dl><dl class='gallery-item'>\n\t\t\t<dt class='gallery-icon landscape'>\n\t\t\t\t<a href='https:\/\/arteuna.com\/deldatoalamateria\/arboles\/'><img width=\"300\" height=\"169\" src=\"https:\/\/arteuna.com\/deldatoalamateria\/wp-content\/uploads\/2020\/03\/arboles-300x169.png\" class=\"attachment-medium size-medium\" alt=\"\" loading=\"lazy\" aria-describedby=\"gallery-2-469\" srcset=\"https:\/\/arteuna.com\/deldatoalamateria\/wp-content\/uploads\/2020\/03\/arboles-300x169.png 300w, https:\/\/arteuna.com\/deldatoalamateria\/wp-content\/uploads\/2020\/03\/arboles-1024x576.png 1024w, https:\/\/arteuna.com\/deldatoalamateria\/wp-content\/uploads\/2020\/03\/arboles.png 1920w\" sizes=\"(max-width: 300px) 100vw, 300px\" \/><\/a>\n\t\t\t<\/dt>\n\t\t\t\t<dd class='wp-caption-text gallery-caption' id='gallery-2-469'>\n\t\t\t\tSebasti\u00e1n Barros. 2020.\n\t\t\t\t<\/dd><\/dl><br style=\"clear: both\" \/>\n\t\t<\/div>\n<p><span style=\"letter-spacing: 0px;\">\u00a0\u00a0\u00a0<\/span><\/p><p>\u00a0<\/p><p>\u00a0<\/p><p>\u00a0<\/p><\/div>\n\t\t\t\t<\/div>\n\t\t\t\t<\/div>\n\t\t\t\t\t\t<\/div>\n\t\t\t<\/div>\n\t\t<\/div>\n\t\t\t\t\t\t<\/div>\n\t\t\t<\/div>\n\t\t<\/section>\n\t\t\t\t<section class=\"elementor-element elementor-element-ec250cd elementor-section-boxed elementor-section-height-default elementor-section-height-default elementor-section elementor-top-section\" data-id=\"ec250cd\" data-element_type=\"section\">\n\t\t\t\t\t\t<div class=\"elementor-container elementor-column-gap-default\">\n\t\t\t\t<div class=\"elementor-row\">\n\t\t\t\t<div class=\"elementor-element elementor-element-62bf37e elementor-column elementor-col-100 elementor-top-column\" data-id=\"62bf37e\" data-element_type=\"column\">\n\t\t\t<div class=\"elementor-column-wrap  elementor-element-populated\">\n\t\t\t\t\t<div class=\"elementor-widget-wrap\">\n\t\t\t\t<div class=\"elementor-element elementor-element-a3c8385 elementor-widget elementor-widget-divider\" data-id=\"a3c8385\" data-element_type=\"widget\" data-widget_type=\"divider.default\">\n\t\t\t\t<div class=\"elementor-widget-container\">\n\t\t\t\t\t<div class=\"elementor-divider\">\n\t\t\t<span class=\"elementor-divider-separator\">\n\t\t\t\t\t\t<\/span>\n\t\t<\/div>\n\t\t\t\t<\/div>\n\t\t\t\t<\/div>\n\t\t\t\t\t\t<\/div>\n\t\t\t<\/div>\n\t\t<\/div>\n\t\t\t\t\t\t<\/div>\n\t\t\t<\/div>\n\t\t<\/section>\n\t\t\t\t<section class=\"elementor-element elementor-element-7ee37b8 elementor-section-boxed elementor-section-height-default elementor-section-height-default elementor-section elementor-top-section\" data-id=\"7ee37b8\" data-element_type=\"section\">\n\t\t\t\t\t\t<div class=\"elementor-container elementor-column-gap-default\">\n\t\t\t\t<div class=\"elementor-row\">\n\t\t\t\t<div class=\"elementor-element elementor-element-a624b21 elementor-column elementor-col-100 elementor-top-column\" data-id=\"a624b21\" data-element_type=\"column\">\n\t\t\t<div class=\"elementor-column-wrap  elementor-element-populated\">\n\t\t\t\t\t<div class=\"elementor-widget-wrap\">\n\t\t\t\t<div class=\"elementor-element elementor-element-2e97e61 elementor-widget elementor-widget-heading\" data-id=\"2e97e61\" data-element_type=\"widget\" data-widget_type=\"heading.default\">\n\t\t\t\t<div class=\"elementor-widget-container\">\n\t\t\t<h2 class=\"elementor-heading-title elementor-size-default\">Irene Coremberg<\/h2>\t\t<\/div>\n\t\t\t\t<\/div>\n\t\t\t\t<div class=\"elementor-element elementor-element-ebb6cac elementor-widget elementor-widget-text-editor\" data-id=\"ebb6cac\" data-element_type=\"widget\" data-widget_type=\"text-editor.default\">\n\t\t\t\t<div class=\"elementor-widget-container\">\n\t\t\t\t\t<div class=\"elementor-text-editor elementor-clearfix\"><p>La dise\u00f1adora, Irene Coremberg, trabaj\u00f3 sobre la imagen del objeto en corte l\u00e1ser de \u00c1balos.<\/p><p>\u00a0<\/p><p><img loading=\"lazy\" class=\"size-medium wp-image-547 aligncenter\" src=\"https:\/\/arteuna.com\/deldatoalamateria\/wp-content\/uploads\/2020\/05\/Irene2-1-300x174.gif\" alt=\"\" width=\"300\" height=\"174\" srcset=\"https:\/\/arteuna.com\/deldatoalamateria\/wp-content\/uploads\/2020\/05\/Irene2-1-300x174.gif 300w, https:\/\/arteuna.com\/deldatoalamateria\/wp-content\/uploads\/2020\/05\/Irene2-1.gif 562w\" sizes=\"(max-width: 300px) 100vw, 300px\" \/><\/p><p>\u00a0<\/p><\/div>\n\t\t\t\t<\/div>\n\t\t\t\t<\/div>\n\t\t\t\t\t\t<\/div>\n\t\t\t<\/div>\n\t\t<\/div>\n\t\t\t\t\t\t<\/div>\n\t\t\t<\/div>\n\t\t<\/section>\n\t\t\t\t\t\t<\/div>\n\t\t\t<\/div>\n\t\t<\/div>\n\t\t","protected":false},"excerpt":{"rendered":"<p>OTAV III \/ Proyectual \/ Artistas de Tucum\u00e1n \/ Irene Coremberg OTAV III &#8211; Sede Prilidiano Pueyrred\u00f3n \u00a0 Se dividi\u00f3 el trabajo de t\u00e9cnica de modelado 3d, en tres partes, usando diferentes softwares, para entender algunos m\u00e9todos. En la primera parte, se busc\u00f3, generar el mismo objeto 3D, que se hab\u00eda pensado en 2d, en&hellip;<\/p>\n","protected":false},"author":1,"featured_media":0,"parent":0,"menu_order":0,"comment_status":"closed","ping_status":"closed","template":"","meta":[],"_links":{"self":[{"href":"https:\/\/arteuna.com\/deldatoalamateria\/wp-json\/wp\/v2\/pages\/93"}],"collection":[{"href":"https:\/\/arteuna.com\/deldatoalamateria\/wp-json\/wp\/v2\/pages"}],"about":[{"href":"https:\/\/arteuna.com\/deldatoalamateria\/wp-json\/wp\/v2\/types\/page"}],"author":[{"embeddable":true,"href":"https:\/\/arteuna.com\/deldatoalamateria\/wp-json\/wp\/v2\/users\/1"}],"replies":[{"embeddable":true,"href":"https:\/\/arteuna.com\/deldatoalamateria\/wp-json\/wp\/v2\/comments?post=93"}],"version-history":[{"count":25,"href":"https:\/\/arteuna.com\/deldatoalamateria\/wp-json\/wp\/v2\/pages\/93\/revisions"}],"predecessor-version":[{"id":548,"href":"https:\/\/arteuna.com\/deldatoalamateria\/wp-json\/wp\/v2\/pages\/93\/revisions\/548"}],"wp:attachment":[{"href":"https:\/\/arteuna.com\/deldatoalamateria\/wp-json\/wp\/v2\/media?parent=93"}],"curies":[{"name":"wp","href":"https:\/\/api.w.org\/{rel}","templated":true}]}}